{"id":1868,"date":"2024-06-10T17:29:23","date_gmt":"2024-06-10T15:29:23","guid":{"rendered":"https:\/\/sodanoconsulting.it\/dev\/hotel\/?page_id=1868"},"modified":"2024-12-18T12:12:21","modified_gmt":"2024-12-18T11:12:21","slug":"territorio","status":"publish","type":"page","link":"https:\/\/hotelsannicola.com\/index.php\/territorio\/","title":{"rendered":"Territorio"},"content":{"rendered":"\t\t<div data-elementor-type=\"wp-page\" data-elementor-id=\"1868\" class=\"elementor elementor-1868\">\n\t\t\t\t<div class=\"elementor-element elementor-element-644e927f e-con-full animated-slow e-flex elementor-invisible e-con e-parent\" data-id=\"644e927f\" data-element_type=\"container\" data-settings=\"{&quot;background_background&quot;:&quot;classic&quot;,&quot;animation&quot;:&quot;fadeIn&quot;,&quot;animation_delay&quot;:0}\">\n\t\t<div class=\"elementor-element elementor-element-4022acf6 e-flex e-con-boxed e-con e-child\" data-id=\"4022acf6\" data-element_type=\"container\" data-settings=\"{&quot;background_background&quot;:&quot;classic&quot;}\">\n\t\t\t\t\t<div class=\"e-con-inner\">\n\t\t\t\t<div class=\"elementor-element elementor-element-b6cb1a4 elementor-invisible elementor-widget elementor-widget-text-editor\" data-id=\"b6cb1a4\" data-element_type=\"widget\" data-settings=\"{&quot;_animation&quot;:&quot;fadeIn&quot;,&quot;_animation_delay&quot;:300}\" data-widget_type=\"text-editor.default\">\n\t\t\t\t<div class=\"elementor-widget-container\">\n\t\t\t<style>\/*! elementor - v3.21.0 - 15-04-2024 *\/\n.elementor-widget-text-editor.elementor-drop-cap-view-stacked .elementor-drop-cap{background-color:#69727d;color:#fff}.elementor-widget-text-editor.elementor-drop-cap-view-framed .elementor-drop-cap{color:#69727d;border:3px solid;background-color:transparent}.elementor-widget-text-editor:not(.elementor-drop-cap-view-default) .elementor-drop-cap{margin-top:8px}.elementor-widget-text-editor:not(.elementor-drop-cap-view-default) .elementor-drop-cap-letter{width:1em;height:1em}.elementor-widget-text-editor .elementor-drop-cap{float:left;text-align:center;line-height:1;font-size:50px}.elementor-widget-text-editor .elementor-drop-cap-letter{display:inline-block}<\/style>\t\t\t\t<h1 style=\"text-align: center;\"><span style=\"color: #ffffff;\">Il Territorio di Altamura<\/span><\/h1>\n<div><span style=\"color: #ffffff;\">\u00a0<\/span><\/div>\n<div><span style=\"color: #ffffff;\">\u00a0<\/span><\/div>\n<div><span style=\"color: #ffffff;\">\u00a0<\/span><\/div>\n<div><span style=\"color: #ffffff;\">\u00a0<\/span><\/div>\n<div><span style=\"color: #ffffff;\">\u00a0<\/span><\/div>\n<div><span style=\"color: #ffffff;\">\u00a0<\/span><\/div>\n<div><span style=\"color: #ffffff;\">\u00a0<\/span><\/div>\n<div><span style=\"color: #ffffff;\">\u00a0<\/span><\/div>\n<div><span style=\"color: #ffffff;\">\u00a0<\/span><\/div>\n<div><span style=\"color: #ffffff;\">\u00a0<\/span><\/div>\n<div><span style=\"color: #ffffff;\">\u00a0<\/span><\/div>\t\t\t\t\t\t<\/div>\n\t\t\t\t<\/div>\n\t\t\t\t\t<\/div>\n\t\t\t\t<\/div>\n\t\t\t\t<\/div>\n\t\t<div class=\"elementor-element elementor-element-896a2f7 e-flex e-con-boxed e-con e-parent\" data-id=\"896a2f7\" data-element_type=\"container\">\n\t\t\t\t\t<div class=\"e-con-inner\">\n\t\t\t\t<div class=\"elementor-element elementor-element-850588a elementor-widget elementor-widget-image\" data-id=\"850588a\" data-element_type=\"widget\" data-widget_type=\"image.default\">\n\t\t\t\t<div class=\"elementor-widget-container\">\n\t\t\t<style>\/*! elementor - v3.21.0 - 15-04-2024 *\/\n.elementor-widget-image{text-align:center}.elementor-widget-image a{display:inline-block}.elementor-widget-image a img[src$=\".svg\"]{width:48px}.elementor-widget-image img{vertical-align:middle;display:inline-block}<\/style>\t\t\t\t\t\t\t\t\t\t<img fetchpriority=\"high\" decoding=\"async\" width=\"406\" height=\"444\" src=\"https:\/\/hotelsannicola.com\/wp-content\/uploads\/2024\/05\/LOGOMINIMALPROVA.png\" class=\"attachment-full size-full wp-image-1102\" alt=\"\" srcset=\"https:\/\/hotelsannicola.com\/wp-content\/uploads\/2024\/05\/LOGOMINIMALPROVA.png 406w, https:\/\/hotelsannicola.com\/wp-content\/uploads\/2024\/05\/LOGOMINIMALPROVA-274x300.png 274w\" sizes=\"(max-width: 406px) 100vw, 406px\" \/>\t\t\t\t\t\t\t\t\t\t\t\t\t<\/div>\n\t\t\t\t<\/div>\n\t\t\t\t<div class=\"elementor-element elementor-element-88d3b5b elementor-widget elementor-widget-text-editor\" data-id=\"88d3b5b\" data-element_type=\"widget\" data-widget_type=\"text-editor.default\">\n\t\t\t\t<div class=\"elementor-widget-container\">\n\t\t\t\t\t\t\t<p><span style=\"color: #808080;\">L&#8217;Hotel San Nicola, situato nel cuore del centro storico di Altamura, \u00e8 la scelta ideale per chi desidera esplorare questa affascinante citt\u00e0 pugliese e i suoi dintorni. Con la sua posizione strategica, l&#8217;hotel offre un facile accesso a tutte le principali attrazioni storiche e culturali di Altamura, come la maestosa Cattedrale di Santa Maria Assunta, il Museo Archeologico Nazionale e il suggestivo Claustro Giudecca. Inoltre, la vicinanza ai luoghi di interesse naturale come il Parco Nazionale dell&#8217;Alta Murgia e il Pulo di Altamura <\/span><\/p>\t\t\t\t\t\t<\/div>\n\t\t\t\t<\/div>\n\t\t\t\t<div class=\"elementor-element elementor-element-303b176 elementor-widget elementor-widget-spacer\" data-id=\"303b176\" data-element_type=\"widget\" data-widget_type=\"spacer.default\">\n\t\t\t\t<div class=\"elementor-widget-container\">\n\t\t\t<style>\/*! elementor - v3.21.0 - 15-04-2024 *\/\n.elementor-column .elementor-spacer-inner{height:var(--spacer-size)}.e-con{--container-widget-width:100%}.e-con-inner>.elementor-widget-spacer,.e-con>.elementor-widget-spacer{width:var(--container-widget-width,var(--spacer-size));--align-self:var(--container-widget-align-self,initial);--flex-shrink:0}.e-con-inner>.elementor-widget-spacer>.elementor-widget-container,.e-con>.elementor-widget-spacer>.elementor-widget-container{height:100%;width:100%}.e-con-inner>.elementor-widget-spacer>.elementor-widget-container>.elementor-spacer,.e-con>.elementor-widget-spacer>.elementor-widget-container>.elementor-spacer{height:100%}.e-con-inner>.elementor-widget-spacer>.elementor-widget-container>.elementor-spacer>.elementor-spacer-inner,.e-con>.elementor-widget-spacer>.elementor-widget-container>.elementor-spacer>.elementor-spacer-inner{height:var(--container-widget-height,var(--spacer-size))}.e-con-inner>.elementor-widget-spacer.elementor-widget-empty,.e-con>.elementor-widget-spacer.elementor-widget-empty{position:relative;min-height:22px;min-width:22px}.e-con-inner>.elementor-widget-spacer.elementor-widget-empty .elementor-widget-empty-icon,.e-con>.elementor-widget-spacer.elementor-widget-empty .elementor-widget-empty-icon{position:absolute;top:0;bottom:0;left:0;right:0;margin:auto;padding:0;width:22px;height:22px}<\/style>\t\t<div class=\"elementor-spacer\">\n\t\t\t<div class=\"elementor-spacer-inner\"><\/div>\n\t\t<\/div>\n\t\t\t\t<\/div>\n\t\t\t\t<\/div>\n\t\t\t\t\t<\/div>\n\t\t\t\t<\/div>\n\t\t<div class=\"elementor-element elementor-element-dda9d43 e-flex e-con-boxed e-con e-parent\" data-id=\"dda9d43\" data-element_type=\"container\" data-settings=\"{&quot;background_background&quot;:&quot;classic&quot;}\">\n\t\t\t\t\t<div class=\"e-con-inner\">\n\t\t\t\t<div class=\"elementor-element elementor-element-4b1f0c4 elementor-widget elementor-widget-text-editor\" data-id=\"4b1f0c4\" data-element_type=\"widget\" data-widget_type=\"text-editor.default\">\n\t\t\t\t<div class=\"elementor-widget-container\">\n\t\t\t\t\t\t\t<h1 style=\"text-align: center;\"><span style=\"color: #b8a471;\"><strong>Cosa visitare ad Altamura<\/strong><\/span><\/h1>\t\t\t\t\t\t<\/div>\n\t\t\t\t<\/div>\n\t\t\t\t\t<\/div>\n\t\t\t\t<\/div>\n\t\t<div class=\"elementor-element elementor-element-c551aef e-flex e-con-boxed e-con e-parent\" data-id=\"c551aef\" data-element_type=\"container\" data-settings=\"{&quot;background_background&quot;:&quot;classic&quot;}\">\n\t\t\t\t\t<div class=\"e-con-inner\">\n\t\t<div class=\"elementor-element elementor-element-928e2af e-con-full e-flex e-con e-child\" data-id=\"928e2af\" data-element_type=\"container\">\n\t\t\t\t<div class=\"elementor-element elementor-element-c211fc7 elementor-widget elementor-widget-text-editor\" data-id=\"c211fc7\" data-element_type=\"widget\" data-widget_type=\"text-editor.default\">\n\t\t\t\t<div class=\"elementor-widget-container\">\n\t\t\t\t\t\t\t<h6 style=\"text-align: center;\"><span style=\"color: #b8a471;\"><strong>Cattedrale di Santa Maria Assunta<\/strong><\/span><\/h6>\n<span style=\"color: #808080;\">Questa imponente cattedrale romanica, costruita nel XIII secolo per volere di Federico II, \u00e8 uno dei simboli principali di Altamura. \u00c8 famosa per il suo portale decorato con intricate sculture e la sua maestosa facciata<\/span>.\t\t\t\t\t\t<\/div>\n\t\t\t\t<\/div>\n\t\t\t\t<\/div>\n\t\t<div class=\"elementor-element elementor-element-6510b13 e-con-full e-flex e-con e-child\" data-id=\"6510b13\" data-element_type=\"container\">\n\t\t\t\t<div class=\"elementor-element elementor-element-9fd252a elementor-widget elementor-widget-text-editor\" data-id=\"9fd252a\" data-element_type=\"widget\" data-widget_type=\"text-editor.default\">\n\t\t\t\t<div class=\"elementor-widget-container\">\n\t\t\t\t\t\t\t<h6 style=\"text-align: center;\"><span style=\"color: #b8a471;\"><strong>Museo Archeologico di Altamura<\/strong><\/span><\/h6><p><span style=\"color: #808080;\">Questo museo ospita una vasta collezione di reperti che vanno dalla preistoria all&#8217;epoca romana, inclusi strumenti litici e ceramiche. Particolarmente interessante \u00e8 la sezione dedicata all&#8217;Uomo di Altamura.<\/span><\/p>\t\t\t\t\t\t<\/div>\n\t\t\t\t<\/div>\n\t\t\t\t<\/div>\n\t\t<div class=\"elementor-element elementor-element-f58a2db e-con-full e-flex e-con e-child\" data-id=\"f58a2db\" data-element_type=\"container\">\n\t\t\t\t<div class=\"elementor-element elementor-element-bad7e3d elementor-widget elementor-widget-text-editor\" data-id=\"bad7e3d\" data-element_type=\"widget\" data-widget_type=\"text-editor.default\">\n\t\t\t\t<div class=\"elementor-widget-container\">\n\t\t\t\t\t\t\t<h6 style=\"text-align: center;\"><span style=\"color: #b8a471;\"><strong>Pulo di Altamura<\/strong><\/span><\/h6><p><span style=\"color: #808080;\">Un grande dolina carsica che si trova a pochi chilometri dalla citt\u00e0. Questo imponente cratere naturale \u00e8 circondato da sentieri panoramici e offre una vista spettacolare.<\/span><\/p>\t\t\t\t\t\t<\/div>\n\t\t\t\t<\/div>\n\t\t\t\t<\/div>\n\t\t\t\t\t<\/div>\n\t\t\t\t<\/div>\n\t\t<div class=\"elementor-element elementor-element-f707e6e e-flex e-con-boxed e-con e-parent\" data-id=\"f707e6e\" data-element_type=\"container\" data-settings=\"{&quot;background_background&quot;:&quot;classic&quot;}\">\n\t\t\t\t\t<div class=\"e-con-inner\">\n\t\t<div class=\"elementor-element elementor-element-eedd272 e-con-full e-flex e-con e-child\" data-id=\"eedd272\" data-element_type=\"container\">\n\t\t\t\t<div class=\"elementor-element elementor-element-944b2b1 elementor-widget elementor-widget-text-editor\" data-id=\"944b2b1\" data-element_type=\"widget\" data-widget_type=\"text-editor.default\">\n\t\t\t\t<div class=\"elementor-widget-container\">\n\t\t\t\t\t\t\t<h6 style=\"text-align: center;\"><span style=\"color: #b8a471;\"><strong>Uomo di Altamura<\/strong><\/span><\/h6><p><span style=\"color: #808080;\">Scoperto nel 1993 in una grotta nei pressi della citt\u00e0, l&#8217;Uomo di Altamura \u00e8 un fossile di Neanderthal estremamente ben conservato. Sebbene non visitabile direttamente, informazioni e ricostruzioni dettagliate possono essere trovate nel Museo Archeologico.<\/span><\/p>\t\t\t\t\t\t<\/div>\n\t\t\t\t<\/div>\n\t\t\t\t<\/div>\n\t\t<div class=\"elementor-element elementor-element-63288df e-con-full e-flex e-con e-child\" data-id=\"63288df\" data-element_type=\"container\">\n\t\t\t\t<div class=\"elementor-element elementor-element-00c56d4 elementor-widget elementor-widget-text-editor\" data-id=\"00c56d4\" data-element_type=\"widget\" data-widget_type=\"text-editor.default\">\n\t\t\t\t<div class=\"elementor-widget-container\">\n\t\t\t\t\t\t\t<h6 style=\"text-align: center;\"><span style=\"color: #b8a471;\"><strong>Palazzo Baldassare<\/strong><\/span><\/h6><p><span style=\"color: #808080;\">Questo elegante palazzo settecentesco rappresenta uno dei migliori esempi di architettura civile ad Altamura. Oggi ospita eventi culturali e mostre temporanee.<\/span><\/p>\t\t\t\t\t\t<\/div>\n\t\t\t\t<\/div>\n\t\t\t\t<\/div>\n\t\t<div class=\"elementor-element elementor-element-f877cfd e-con-full e-flex e-con e-child\" data-id=\"f877cfd\" data-element_type=\"container\">\n\t\t\t\t<div class=\"elementor-element elementor-element-3dcb3ef elementor-widget elementor-widget-text-editor\" data-id=\"3dcb3ef\" data-element_type=\"widget\" data-widget_type=\"text-editor.default\">\n\t\t\t\t<div class=\"elementor-widget-container\">\n\t\t\t\t\t\t\t<h6 style=\"text-align: center;\"><span style=\"color: #b8a471;\"><strong>Porta Bari<\/strong><\/span><\/h6><p><span style=\"color: #808080;\">Una delle antiche porte di accesso alla citt\u00e0 medievale, Porta Bari \u00e8 una struttura ben conservata che offre uno scorcio sulla storia difensiva di Altamura.<\/span>.<\/p>\t\t\t\t\t\t<\/div>\n\t\t\t\t<\/div>\n\t\t\t\t<\/div>\n\t\t\t\t\t<\/div>\n\t\t\t\t<\/div>\n\t\t<div class=\"elementor-element elementor-element-bb4aa30 e-flex e-con-boxed e-con e-parent\" data-id=\"bb4aa30\" data-element_type=\"container\" data-settings=\"{&quot;background_background&quot;:&quot;classic&quot;}\">\n\t\t\t\t\t<div class=\"e-con-inner\">\n\t\t<div class=\"elementor-element elementor-element-1800232 e-con-full e-flex e-con e-child\" data-id=\"1800232\" data-element_type=\"container\">\n\t\t\t\t<div class=\"elementor-element elementor-element-d88b725 elementor-widget elementor-widget-text-editor\" data-id=\"d88b725\" data-element_type=\"widget\" data-widget_type=\"text-editor.default\">\n\t\t\t\t<div class=\"elementor-widget-container\">\n\t\t\t\t\t\t\t<h6 style=\"text-align: center;\"><span style=\"color: #b8a471;\"><strong>Claustro Giudecca:<\/strong><\/span><\/h6><p><span style=\"color: #808080;\">Questo caratteristico angolo del centro storico \u00e8 un esempio della presenza ebraica in Altamura durante il Medioevo. Le viuzze e le abitazioni ben conservate raccontano una storia di integrazione e comunit\u00e0.<\/span><\/p>\t\t\t\t\t\t<\/div>\n\t\t\t\t<\/div>\n\t\t\t\t<\/div>\n\t\t<div class=\"elementor-element elementor-element-14fa4f1 e-con-full e-flex e-con e-child\" data-id=\"14fa4f1\" data-element_type=\"container\">\n\t\t\t\t<div class=\"elementor-element elementor-element-369ae75 elementor-widget elementor-widget-text-editor\" data-id=\"369ae75\" data-element_type=\"widget\" data-widget_type=\"text-editor.default\">\n\t\t\t\t<div class=\"elementor-widget-container\">\n\t\t\t\t\t\t\t<h6 style=\"text-align: center;\"><span style=\"color: #b8a471;\"><strong>Arco Basso<\/strong><\/span><\/h6><p><span style=\"color: #808080;\">Situato nel centro storico di Altamura, l&#8217;Arco Basso \u00e8 un pittoresco arco medievale che collega due strade strette. \u00c8 uno dei simboli del borgo antico e offre un affascinante scorcio sulla vita cittadina di un tempo. Classificato tra i pi\u00f9 bassi di Europa.<\/span><\/p>\t\t\t\t\t\t<\/div>\n\t\t\t\t<\/div>\n\t\t\t\t<\/div>\n\t\t<div class=\"elementor-element elementor-element-f68242e e-con-full e-flex e-con e-child\" data-id=\"f68242e\" data-element_type=\"container\">\n\t\t\t\t<div class=\"elementor-element elementor-element-f449ac6 elementor-widget elementor-widget-text-editor\" data-id=\"f449ac6\" data-element_type=\"widget\" data-widget_type=\"text-editor.default\">\n\t\t\t\t<div class=\"elementor-widget-container\">\n\t\t\t\t\t\t\t<h6 style=\"text-align: center;\"><span style=\"color: #b8a471;\"><strong>Parco dei dinosauri<\/strong><\/span><\/h6>\n<span style=\"color: #808080;\">Cava dei dinosauri. In una cava abbandonata di localit\u00e0 Pontrelli sono state rinvenute nel 1999, su un&#8217;area di dodicimila metri quadrati, circa ventimila orme di dinosauri, riferibili a circa 200 esemplari di 5 specie diverse.<\/span>\t\t\t\t\t\t<\/div>\n\t\t\t\t<\/div>\n\t\t\t\t<\/div>\n\t\t\t\t\t<\/div>\n\t\t\t\t<\/div>\n\t\t<div class=\"elementor-element elementor-element-5972fc5 e-flex e-con-boxed e-con e-parent\" data-id=\"5972fc5\" data-element_type=\"container\" data-settings=\"{&quot;background_background&quot;:&quot;classic&quot;}\">\n\t\t\t\t\t<div class=\"e-con-inner\">\n\t\t\t\t<div class=\"elementor-element elementor-element-22a2fe1 elementor-widget elementor-widget-text-editor\" data-id=\"22a2fe1\" data-element_type=\"widget\" data-widget_type=\"text-editor.default\">\n\t\t\t\t<div class=\"elementor-widget-container\">\n\t\t\t\t\t\t\t<h1 style=\"text-align: center;\"><span style=\"color: #b8a471;\"><strong>Nei pressi di Altamura..<\/strong><\/span><\/h1>\t\t\t\t\t\t<\/div>\n\t\t\t\t<\/div>\n\t\t\t\t\t<\/div>\n\t\t\t\t<\/div>\n\t\t<div class=\"elementor-element elementor-element-6ec4c23 e-flex e-con-boxed e-con e-parent\" data-id=\"6ec4c23\" data-element_type=\"container\" data-settings=\"{&quot;background_background&quot;:&quot;classic&quot;}\">\n\t\t\t\t\t<div class=\"e-con-inner\">\n\t\t<div class=\"elementor-element elementor-element-16a4438 e-con-full e-flex e-con e-child\" data-id=\"16a4438\" data-element_type=\"container\">\n\t\t\t\t<div class=\"elementor-element elementor-element-5685c07 elementor-widget elementor-widget-text-editor\" data-id=\"5685c07\" data-element_type=\"widget\" data-widget_type=\"text-editor.default\">\n\t\t\t\t<div class=\"elementor-widget-container\">\n\t\t\t\t\t\t\t<h6 style=\"text-align: center;\"><span style=\"color: #b8a471;\"><strong>Parco Nazionale dell&#8217;Alta Murgia<\/strong><\/span><\/h6><p><span style=\"color: #808080;\"> Questo vasto parco naturale offre un paesaggio unico di colline carsiche, boschi e pascoli. \u00c8 ideale per escursioni, trekking e birdwatching, ed \u00e8 ricco di flora e fauna tipica della regione.<\/span><\/p>\t\t\t\t\t\t<\/div>\n\t\t\t\t<\/div>\n\t\t\t\t<\/div>\n\t\t<div class=\"elementor-element elementor-element-8cad755 e-con-full e-flex e-con e-child\" data-id=\"8cad755\" data-element_type=\"container\">\n\t\t\t\t<div class=\"elementor-element elementor-element-4ce28a9 elementor-widget elementor-widget-text-editor\" data-id=\"4ce28a9\" data-element_type=\"widget\" data-widget_type=\"text-editor.default\">\n\t\t\t\t<div class=\"elementor-widget-container\">\n\t\t\t\t\t\t\t<h6 style=\"text-align: center;\"><span style=\"color: #b8a471;\"><strong>Bosco di Mercadante<\/strong><\/span><\/h6><p><span style=\"color: #808080;\">Questa vasta area boschiva, situata a breve distanza da Altamura, \u00e8 un luogo ideale per rilassanti passeggiate, picnic e attivit\u00e0 all&#8217;aria aperta. Offre una rinfrescante pausa dalla citt\u00e0, immersi nella natura.<\/span><\/p>\t\t\t\t\t\t<\/div>\n\t\t\t\t<\/div>\n\t\t\t\t<\/div>\n\t\t<div class=\"elementor-element elementor-element-0c94022 e-con-full e-flex e-con e-child\" data-id=\"0c94022\" data-element_type=\"container\">\n\t\t\t\t<div class=\"elementor-element elementor-element-2ede8a4 elementor-widget elementor-widget-text-editor\" data-id=\"2ede8a4\" data-element_type=\"widget\" data-widget_type=\"text-editor.default\">\n\t\t\t\t<div class=\"elementor-widget-container\">\n\t\t\t\t\t\t\t<h6 style=\"text-align: center;\"><span style=\"color: #b8a471;\"><strong>Castel del Monte<\/strong><\/span><\/h6><p><span style=\"color: #808080;\">Situato a circa un&#8217;ora di macchina da Altamura, questo castello del XIII secolo \u00e8 uno degli edifici pi\u00f9 enigmatici d&#8217;Italia. La sua struttura ottagonale e la perfezione delle sue proporzioni ne fanno un capolavoro dell&#8217;architettura medievale.<\/span><\/p>\t\t\t\t\t\t<\/div>\n\t\t\t\t<\/div>\n\t\t\t\t<\/div>\n\t\t\t\t\t<\/div>\n\t\t\t\t<\/div>\n\t\t<div class=\"elementor-element elementor-element-115e0a9 e-flex e-con-boxed e-con e-parent\" data-id=\"115e0a9\" data-element_type=\"container\" data-settings=\"{&quot;background_background&quot;:&quot;classic&quot;}\">\n\t\t\t\t\t<div class=\"e-con-inner\">\n\t\t<div class=\"elementor-element elementor-element-f95660d e-con-full e-flex e-con e-child\" data-id=\"f95660d\" data-element_type=\"container\">\n\t\t\t\t<div class=\"elementor-element elementor-element-b455675 elementor-widget elementor-widget-text-editor\" data-id=\"b455675\" data-element_type=\"widget\" data-widget_type=\"text-editor.default\">\n\t\t\t\t<div class=\"elementor-widget-container\">\n\t\t\t\t\t\t\t<h6 style=\"text-align: center;\"><span style=\"color: #b8a471;\"><strong>Gravina di Puglia<\/strong><\/span><\/h6><p><span style=\"color: #808080;\">Questa pittoresca cittadina \u00e8 famosa per il suo ponte acquedotto, le chiese rupestri e il suo centro storico affascinante. Gravina \u00e8 anche nota per le sue grotte naturali e le abitazioni scavate nella roccia.<\/span><\/p>\t\t\t\t\t\t<\/div>\n\t\t\t\t<\/div>\n\t\t\t\t<\/div>\n\t\t<div class=\"elementor-element elementor-element-8e16e03 e-con-full e-flex e-con e-child\" data-id=\"8e16e03\" data-element_type=\"container\">\n\t\t\t\t<div class=\"elementor-element elementor-element-84877d8 elementor-widget elementor-widget-text-editor\" data-id=\"84877d8\" data-element_type=\"widget\" data-widget_type=\"text-editor.default\">\n\t\t\t\t<div class=\"elementor-widget-container\">\n\t\t\t\t\t\t\t<h6 style=\"text-align: center;\"><span style=\"color: #b8a471;\"><strong>Matera<\/strong><\/span><\/h6><p><span style=\"color: #808080;\">A circa 10 minuti di auto da Altamura, Matera \u00e8 celebre per i suoi &#8220;Sassi&#8221;, antichi insediamenti scavati nella roccia che sono stati dichiarati Patrimonio dell&#8217;Umanit\u00e0 dall&#8217;UNESCO. Passeggiando per i Sassi si pu\u00f2 ammirare una straordinaria combinazione di natura e architettura.<\/span><\/p>\t\t\t\t\t\t<\/div>\n\t\t\t\t<\/div>\n\t\t\t\t<\/div>\n\t\t<div class=\"elementor-element elementor-element-0938e69 e-con-full e-flex e-con e-child\" data-id=\"0938e69\" data-element_type=\"container\">\n\t\t\t\t<div class=\"elementor-element elementor-element-cb75ac8 elementor-widget elementor-widget-text-editor\" data-id=\"cb75ac8\" data-element_type=\"widget\" data-widget_type=\"text-editor.default\">\n\t\t\t\t<div class=\"elementor-widget-container\">\n\t\t\t\t\t\t\t<h6 style=\"text-align: center;\"><span style=\"color: #b8a471;\"><strong>Locorotondo<\/strong><\/span><\/h6><p><span style=\"color: #808080;\">Locorotondo \u00e8 un affascinante borgo pugliese noto per il suo pittoresco centro storico, caratterizzato da case bianche e strette stradine. Con i suoi suggestivi vicoli e le tipiche &#8220;cummerse&#8221; dai tetti spioventi, Locorotondo offre uno scenario unico che incanta ogni visitatore.<\/span><\/p>\t\t\t\t\t\t<\/div>\n\t\t\t\t<\/div>\n\t\t\t\t<\/div>\n\t\t\t\t\t<\/div>\n\t\t\t\t<\/div>\n\t\t\t\t<\/div>\n\t\t","protected":false},"excerpt":{"rendered":"<p>Il Territorio di Altamura \u00a0 \u00a0 \u00a0 \u00a0 \u00a0 \u00a0 \u00a0 \u00a0 \u00a0 \u00a0 \u00a0 L&#8217;Hotel San Nicola, situato nel cuore del centro storico di Altamura, \u00e8 la scelta ideale per chi desidera esplorare questa affascinante citt\u00e0 pugliese e i suoi dintorni. Con la sua posizione strategica, l&#8217;hotel offre un facile accesso a tutte le [&hellip;]<\/p>\n","protected":false},"author":1,"featured_media":0,"parent":0,"menu_order":0,"comment_status":"closed","ping_status":"closed","template":"","meta":{"footnotes":""},"class_list":["post-1868","page","type-page","status-publish","hentry"],"_links":{"self":[{"href":"https:\/\/hotelsannicola.com\/index.php\/wp-json\/wp\/v2\/pages\/1868","targetHints":{"allow":["GET"]}}],"collection":[{"href":"https:\/\/hotelsannicola.com\/index.php\/wp-json\/wp\/v2\/pages"}],"about":[{"href":"https:\/\/hotelsannicola.com\/index.php\/wp-json\/wp\/v2\/types\/page"}],"author":[{"embeddable":true,"href":"https:\/\/hotelsannicola.com\/index.php\/wp-json\/wp\/v2\/users\/1"}],"replies":[{"embeddable":true,"href":"https:\/\/hotelsannicola.com\/index.php\/wp-json\/wp\/v2\/comments?post=1868"}],"version-history":[{"count":56,"href":"https:\/\/hotelsannicola.com\/index.php\/wp-json\/wp\/v2\/pages\/1868\/revisions"}],"predecessor-version":[{"id":2221,"href":"https:\/\/hotelsannicola.com\/index.php\/wp-json\/wp\/v2\/pages\/1868\/revisions\/2221"}],"wp:attachment":[{"href":"https:\/\/hotelsannicola.com\/index.php\/wp-json\/wp\/v2\/media?parent=1868"}],"curies":[{"name":"wp","href":"https:\/\/api.w.org\/{rel}","templated":true}]}}